emainder when 574 is divided by 210?
154
Calculate the remainder when 509 is divided by 32.
29
Calculate the remainder when 387 is divided by 6.
3
What is the remainder when 348 is divided by 33?
18
Calculate the remainder when 4839 is divided by 28.
23
Calculate the remainder when 219 is divided by 47.
31
What is the remainder when 249 is divided by 85?
79
Calculate the remainder when 50 is divided by 15.
5
What is the remainder when 82 is divided by 39?
4
Calculate the remainder when 276 is divided by 79.
39
What is the remainder when 1428 is divided by 11?
9
Calculate the remainder when 573 is divided by 25.
23
Calculate the remainder when 170 is divided by 168.
2
What is the remainder when 34567 is divided by 116?
115
Calculate the remainder when 62 is divided by 15.
2
Calculate the remainder when 33 is divided by 21.
12
What is the remainder when 1527 is divided by 756?
15
Calculate the remainder when 724 is divided by 39.
22
Calculate the remainder when 133 is divided by 45.
43
What is the remainder when 64 is divided by 24?
16
Calculate the remainder when 250 is divided by 232.
18
What is the remainder when 106 is divided by 20?
6
What is the remainder when 150 is divided by 12?
6
What is the remainder when 224 is divided by 37?
2
What is the remainder when 199 is divided by 50?
49
Calculate the remainder when 1390 is divided by 204.
166
What is the remainder when 53 is divided by 20?
13
What is the remainder when 146 is divided by 19?
13
Calculate the remainder when 184 is divided by 17.
14
What is the remainder when 3414 is divided by 7?
5
What is the remainder when 2652 is divided by 45?
42
Calculate the remainder when 205 is divided by 14.
9
What is the remainder when 334 is divided by 316?
18
Calculate the remainder when 10355 is divided by 140.
135
What is the remainder when 337 is divided by 336?
1
Calculate the remainder when 15299 is divided by 100.
99
What is the remainder when 171 is divided by 20?
11
Calculate the remainder when 23 is divided by 13.
10
What is the remainder when 238 is divided by 35?
28
Calculate the remainder when 5235 is divided by 34.
33
What is the remainder when 144 is divided by 68?
8
Calculate the remainder when 183 is divided by 64.
55
What is the remainder when 975 is divided by 322?
9
Calculate the remainder when 217 is divided by 102.
13
Calculate the remainder when 448 is divided by 76.
68
Calculate the remainder when 25 is divided by 1.
0
What is the remainder when 1226 is divided by 112?
106
Calculate the remainder when 53 is divided by 3.
2
What is the remainder when 135 is divided by 18?
9
What is the remainder when 28 is divided by 5?
3
What is the remainder when 153 is divided by 15?
3
Calculate the remainder when 200 is divided by 183.
17
What is the remainder when 2088 is divided by 10?
8
What is the remainder when 35 is divided by 20?
15
What is the remainder when 1515 is divided by 22?
19
Calculate the remainder when 408 is divided by 30.
18
Calculate the remainder when 685 is divided by 69.
64
Calculate the remainder when 340 is divided by 11.
10
Calculate the remainder when 2517 is divided by 832.
21
Calculate the remainder when 1148 is divided by 231.
224
What is the remainder when 125 is divided by 12?
5
Calculate the remainder when 329 is divided by 48.
41
What is the remainder when 118 is divided by 36?
10
What is the remainder when 169 is divided by 20?
9
What is the remainder when 1113 is divided by 93?
90
What is the remainder when 5566 is divided by 2?
0
What is the remainder when 2779 is divided by 121?
117
What is the remainder when 816 is divided by 6?
0
Calculate the remainder when 28636 is divided by 43.
41
What is the remainder when 406 is divided by 80?
6
What is the remainder when 593 is divided by 66?
65
Calculate the remainder when 190 is divided by 71.
48
What is the remainder when 39 is divided by 20?
19
What is the remainder when 950 is divided by 36?
14
Calculate the remainder when 511 is divided by 7.
0
What is the remainder when 3143 is divided by 17?
15
What is the remainder when 23 is divided by 17?
6
Calculate the remainder when 24 is divided by 16.
8
What is the remainder when 320 is divided by 54?
50
What is the remainder when 304 is divided by 51?
49
Calculate the remainder when 224 is divided by 77.
70
What is the remainder when 332 is divided by 34?
26
Calculate the remainder when 13661 is divided by 23.
22
What is the remainder when 7202 is divided by 2397?
11
Calculate the remainder when 2725 is divided by 101.
99
Calculate the remainder when 2369 is divided by 475.
469
Calculate the remainder when 115 is divided by 25.
15
What is the remainder when 266 is divided by 72?
50
Calculate the remainder when 236 is divided by 60.
56
Calculate the remainder when 134 is divided by 69.
65
Calculate the remainder when 854 is divided by 396.
62
Calculate the remainder when 435 is divided by 44.
39
What is the remainder when 1090 is divided by 294?
208
What is the remainder when 307 is divided by 7?
6
What is the remainder when 196 is divided by 42?
28
What is the remainder when 103 is divided by 41?
21
What is the remainder when 41 is divided by 11?
8
What is the remainder when 104 is divided by 19?
9
What is the remainder when 6 is divided by 3?
0
What is the remainder when 308 is divided by 12?
8
What is the remainder when 1108 is divided by 48?
4
Calculate the remainder when 191 is divided by 49.
44
Calculate the remainder when 11982 is divided by 107.
105
Calculate the remainder when 77 is divided by 21.
14
What is the remainder when 86 is divided by 31?
24
What is the remainder when 188 is divided by 59?
11
What is the remainder when 1600 is divided by 24?
16
Calculate the remainder when 52 is divided by 28.
24
Calculate the remainder when 498 is divided by 13.
4
What is the remainder when 149 is divided by 6?
5
What is the remainder when 382 is divided by 135?
112
Calculate the remainder when 54863 is divided by 48.
47
What is the remainder when 56 is divided by 9?
2
Calculate the remainder when 163 is divided by 99.
64
Calculate the remainder when 749 is divided by 83.
2
What is the remainder when 1355 is divided by 123?
2
Calculate the remainder when 128 is divided by 22.
18
Calculate the remainder when 63 is divided by 25.
13
Calculate the remainder when 1634 is divided by 339.
278
Calculate the remainder when 134 is divided by 32.
6
Calculate the remainder when 498 is divided by 162.
12
What is the remainder when 968 is divided by 965?
3
Calculate the remainder when 175 is divided by 58.
1
Calculate the remainder when 47 is divided by 16.
15
Calculate the remainder when 1750 is divided by 43.
30
What is the remainder when 1039 is divided by 57?
13
Calculate the remainder when 20 is divided by 11.
9
What is the remainder when 290 is divided by 51?
35
What is the remainder when 116 is divided by 15?
11
Calculate the remainder when 220 is divided by 210.
10
What is the remainder when 31 is divided by 16?
15
Calculate the remainder when 199 is divided by 25.
24
Calculate the remainder when 123 is divided by 25.
23
What is the remainder when 782 is divided by 255?
17
What is the remainder when 113 is divided by 62?
51
Calculate the remainder when 131 is divided by 9.
5
What is the remainder when 267 is divided by 12?
3
What is the remainder when 752 is divided by 2?
0
What is the remainder when 624 is divided by 57?
54
Calculate the remainder when 735 is divided by 668.
67
Calculate the remainder when 56 is divided by 22.
12
Calculate the remainder when 1218 is divided by 45.
3
Calculate the remainder when 39 is divided by 20.
19
What is the remainder when 1121 is divided by 1099?
22
Calculate the remainder when 189 is divided by 56.
21
What is the remainder when 804 is divided by 121?
78
What is the remainder when 354 is divided by 2?
0
Calculate the remainder when 243 is divided by 24.
3
Calculate the remainder when 6428 is divided by 10.
8
What is the remainder when 2187 is divided by 29?
12
Calculate the remainder when 505 is divided by 136.
97
Calculate the remainder when 1262 is divided by 627.
8
Calculate the remainder when 1445 is divided by 63.
59
What is the remainder when 2385 is divided by 14?
5
Calculate the remainder when 426 is divided b